ppose 2*z - 16 = -0*z. Calculate the highest common factor of b and z.
8
Let q be 6/(-4) + (-49)/(-14). Let u(o) = -o**3 + 4*o**2 - 3*o + 2. Let p be u(3). What is the greatest common factor of q and p?
2
Let q(r) = 8*r**3 + r**2 + r. Let u be q(2). What is the greatest common divisor of 10 and u?
10
Suppose -2*a = 2*p - 3*a - 113, 2*a - 278 = -5*p. Calculate the highest common factor of 7 and p.
7
Suppose -1029 + 57 = -6*r. Let k(q) = 5*q - 2. Let g be k(4). What is the greatest common factor of r and g?
18
Let a = 410 - 246. Suppose 4*f - 44 = a. Calculate the greatest common factor of f and 130.
26
Let p(x) = -x**2 + 5*x + 2. Let j(a) = a + 7. Let w be j(-3). Let u be p(w). What is the highest common factor of 12 and u?
6
Suppose -2*p + 126 = 4*m, -4*p + 240 = -0*p + 2*m. What is the highest common divisor of 295 and p?
59
Let y be 4/(-6)*45/(-10). Let q = y + 15. Let x = -2 - -11. What is the highest common divisor of x and q?
9
Let d(i) = i - 4. Let t be d(5). Let r = 4 + 0. Let m = r + -2. What is the highest common divisor of t and m?
1
Let x = -2 + 0. Suppose 4*n - 24 = 2*c, 3*n + 4*c - 1 + 5 = 0. Let s = x + n. What is the greatest common factor of s and 5?
1
Let q = -6 - -20. Suppose -492 = -4*p - 0*o + 3*o, -4*p + 5*o + 484 = 0. What is the highest common factor of p and q?
14
Let c be 2/8 - (-5)/(-20). Let l be (-1 - c) + (-2 - -3). Suppose v + l*v = 80. What is the highest common divisor of v and 16?
16
Let k be 12/(-30) - (-3048)/20. Suppose -5*o + 2*o - 54 = -3*b, 0 = -2*o + 2. Calculate the highest common factor of k and b.
19
Suppose l + 0*l - 17 = 0. What is the greatest common factor of l and 51?
17
Suppose 4*a - 83 = 97. Let d = 73 - a. Calculate the highest common factor of d and 7.
7
Suppose 58 = q + 3. What is the greatest common divisor of 11 and q?
11
Suppose 3*o - t = -0*o + 84, 3*o - 72 = -3*t. What is the highest common divisor of o and 18?
9
Let x be (-40 - -5)*(2 + 78/(-21)). What is the greatest common divisor of x and 15?
15
Let u = -3 + 5. Let x(b) = 29*b**2 - 2*b - 1. Let h be x(u). Suppose 3 = -4*i + h. What is the highest common factor of 18 and i?
9
Let o = 18 + 2. Let d be -1 + 1/((-1)/(-6)). What is the highest common factor of d and o?
5
Let z(i) = 27*i**3 - 2*i**2 - 1. Let n be z(2). What is the highest common divisor of 23 and n?
23
Suppose 0*w + 6 = -w. Let n be 1/w + 220/24. Suppose -t - t + 4*h = 0, 0 = t + h - n. Calculate the highest common factor of 3 and t.
3
Let c be 12/(-36) + (-14)/(-6). What is the highest common factor of 7 and c?
1
Let s = -48 + 91. Suppose -4*p = 2*d + 22, 9 - s = 3*p + 5*d. Let o be 2 + 0/p + 58. Calculate the highest common divisor of o and 15.
15
Let i = -11 - -9. Let f be 51 - (0 - (-2 - i)). What is the highest common divisor of f and 17?
17
Suppose 10*v = 5*v + 315. Let a be (60/(-25))/((-3)/10). Suppose a = o + 1. What is the greatest common factor of v and o?
7
Suppose 503 = f + 3*m, 5*f + 211 = -4*m + 2748. Let g = f + -320. Calculate the highest common divisor of g and 27.
27
Suppose 4*d + 5*b = 44, 0*b = d + 4*b - 22. Let j be (0 + -3)*(-8)/d. What is the greatest common divisor of 16 and j?
4
Let q be 9*1 + -1 + 1. Let a = 28 - 18. Suppose -7 + a = o. What is the greatest common divisor of o and q?
3
Let d(s) = s**3 + 5*s**2 + 3*s + 6. Let r be d(-4). Let q be r*((-3)/2)/1. Let p be ((-8)/5)/(6/q). Calculate the highest common factor of 44 and p.
4
Let y = -11 + 11. Suppose y = -p + 31 - 3. What is the greatest common factor of 70 and p?
14
Let c(w) = 4*w - 13. Let r be c(11). Calculate the greatest common factor of 248 and r.
31
Let t = 17 - -33. Calculate the highest common divisor of 10 and t.
10
Suppose 13*g = 14*g - 2. Let w be -1 + 8/g + 3. Calculate the highest common divisor of w and 6.
6
Let l be -2*(-2)/(-4)*3. Let a(g) = -5*g**2 - 1. Let y be a(-1). Let o be (-1 - (-10)/y)*l. Calculate the greatest common divisor of 56 and o.
8
Suppose 0 = w + s - 60, 5*s = 5*w + 8*s - 294. Calculate the highest common divisor of w and 19.
19
Suppose 0 = 2*o - 36 + 4. Let a be ((-6)/(-8))/(2/o). Let z = -3 + a. What is the greatest common factor of z and 18?
3
Let a be 4 + (3 - 3)/(-3). Let t = a + 14. What is the greatest common divisor of t and 6?
6
Let d(n) = 19*n**3 - n**2 - n - 1. Let q be d(3). Let v be ((-8)/(-5))/(5/q). Suppose -o + v = 3*o. What is the highest common divisor of 5 and o?
5
Let u = -27 - -35. What is the greatest common factor of 56 and u?
8
Let o(v) = 5*v - 12. Let i = 19 - 12. Let s be o(i). Calculate the greatest common factor of s and 23.
23
Let u = 0 - -2. Suppose u*j + 1 = 43. Let b(v) = 2*v**3 - 10*v**2 + 14*v - 9. Let w be b(6). Calculate the greatest common factor of w and j.
21
Suppose 0 = 5*k + g - 38, 2*k = -2*k - g + 31. What is the highest common factor of k and 56?
7
Let s(b) = -b**3 - 9*b**2 + 8*b - 7. Let z be s(-10). Calculate the highest common factor of z and 143.
13
Let v = -4 + 7. Let z be (16*v - -1) + -2. Suppose -5*x = 2*r - 3*r + z, -5*r = -2*x - 350. What is the greatest common divisor of r and 8?
8
Let m(f) = f**2 + 2*f + 2. Let w be m(-4). Let r = 12 + -9. Suppose 2*d - 44 = -4*u, -r*d + 5*u = -5*d + 45. What is the highest common factor of w and d?
10
Suppose n - 1 = -2. Let l be (-2)/(3 + n) + 24. What is the greatest common divisor of 115 and l?
23
Let f = -28 + 94. What is the highest common divisor of 165 and f?
33
Suppose 0 = u - 0*q - 2*q - 7, 2*u = 2*q + 16. What is the greatest common factor of 18 and u?
9
Suppose 0*r + 3*r = 48. What is the greatest common factor of 32 and r?
16
Let y be 25/3 - (-4)/6. Suppose y = -0*b + 3*b. Suppose 0 = 5*q + 25, 0*p = -3*p + b*q + 81. What is the greatest common factor of 55 and p?
11
Let f be (21/(-9) + -1)*-6. Let h be f + -1 + (-2)/2. Calculate the highest common factor of h and 45.
9
Let t be 8 + -1 + (-3 - -2). Let m = 31 - 47. Let i be 1 + (2 - 1 - m). What is the highest common divisor of i and t?
6
Suppose -a = 5, 2 - 9 = -z - a. Let g be (-399)/(-12) + (-1)/4. Suppose r + 3 = g. Calculate the greatest common divisor of z and r.
6
Let g be 4/(-10) - 304/(-10). What is the greatest common divisor of 15 and g?
15
Let u be 9*-2*(-11)/3. Let h = 11 - 8. Suppose 4*d - 4*b = 36, -h*d + 5*b + 47 = 14. What is the greatest common divisor of u and d?
6
Let r(b) be the third derivative of b**4/24 - b**3/6 + b**2. Let s be r(1). Let q be s/(-2) + -2 - -8. Calculate the greatest common divisor of 3 and q.
3
Suppose -p = 9*p - 360. Calculate the highest common factor of p and 54.
18
Suppose -9*b + 6*b = -60. Calculate the greatest common divisor of 4 and b.
4
Let h(l) = 2*l + 59. Let o be h(-24). Suppose 0*f - 4*f + 396 = 0. Calculate the highest common divisor of o and f.
11
Let y(p) = p**3 - p**2 + 25. Let r be y(0). Suppose 4*u + 0*l = 5*l + 25, 0 = u - 5*l - r. Suppose 2 = 2*d - u. What is the greatest common divisor of d and 11?
1
Let d = 3 - -39. Let w = 4 - -101. Calculate the highest common divisor of w and d.
21
Suppose 0 = -3*a - 5*u + 308, 0 = -a + u + 70 + 22. Suppose a = 4*t - 24. Calculate the highest common factor of t and 15.
15
Let i(x) = -x**3 + 8*x**2 - 9*x + 2. Let j be i(6). Calculate the highest common divisor of j and 180.
20
Suppose -n = g - 53, 3*n - n = 3*g + 101. Calculate the highest common divisor of n and 130.
26
Let x(c) = -31*c - 6. Let h be x(-5). Let w be (h/(-3) + 2)*-3. Let g be (2 + -1)*(-26)/(-2). What is the highest common divisor of w and g?
13
Let m(o) = o**2 - 12*o + 8. Let v be m(11). Let a = v - -27. What is the highest common factor of 60 and a?
12
Let w = -22 - -71. Suppose 1 + 3 = 2*p. Suppose -4*z = -5*m + 39, -p*m + 3*m - 5 = -2*z. What is the highest common factor of m and w?
7
Let s be 1/3*9 - 2. What is the highest common divisor of 6 and s?
1
Let x(d) = d**3 - 12*d**2 - 26*d - 15. Let l be x(14). Calculate the greatest common factor of 117 and l.
13
Let n(x) = -2*x**3 + 4*x**2 + 2*x - 3. Let l be n(-2). Calculate the highest common divisor of l and 75.
25
Let b(s) be the third derivative of 19*s**6/120 - s**3/6 + 3*s**2. Let a be b(1). What is the greatest common divisor of a and 18?
18
Let w be (-2)/8 - 17/(-4). Suppose 3*k = w*g + 4*k - 444, g - 4*k - 128 = 0. What is the highest common factor of 14 and g?
14
Let b